5?
5
What is the thousands digit of 59519?
9
What is the thousands digit of 91845?
1
What is the tens digit of 128365?
6
What is the units digit of 2273?
3
What is the hundreds digit of 2815?
8
What is the hundreds digit of 405?
4
What is the thousands digit of 107993?
7
What is the tens digit of 547?
4
What is the hundreds digit of 614?
6
What is the units digit of 37341?
1
What is the units digit of 1294?
4
What is the hundreds digit of 4760?
7
What is the tens digit of 2827?
2
What is the hundreds digit of 9090?
0
What is the thousands digit of 18466?
8
What is the units digit of 307?
7
What is the tens digit of 8041?
4
What is the thousands digit of 50370?
0
What is the thousands digit of 8871?
8
What is the tens digit of 1497?
9
What is the units digit of 1223?
3
What is the hundreds digit of 2593?
5
What is the hundreds digit of 29767?
7
What is the tens digit of 9689?
8
What is the thousands digit of 3302?
3
What is the units digit of 3156?
6
What is the thousands digit of 2263?
2
What is the units digit of 7902?
2
What is the tens digit of 17460?
6
What is the units digit of 7099?
9
What is the thousands digit of 9981?
9
What is the units digit of 13738?
8
What is the units digit of 938?
8
What is the thousands digit of 4220?
4
What is the units digit of 1472?
2
What is the hundreds digit of 9289?
2
What is the units digit of 26844?
4
What is the hundreds digit of 77543?
5
What is the units digit of 5545?
5
What is the thousands digit of 100079?
0
What is the hundreds digit of 24476?
4
What is the thousands digit of 19993?
9
What is the thousands digit of 78220?
8
What is the tens digit of 223?
2
What is the tens digit of 4304?
0
What is the hundreds digit of 33477?
4
What is the thousands digit of 12707?
2
What is the units digit of 2086?
6
What is the tens digit of 98893?
9
What is the thousands digit of 4539?
4
What is the tens digit of 3765?
6
What is the ten thousands digit of 72425?
7
What is the units digit of 104687?
7
What is the hundreds digit of 2525?
5
What is the thousands digit of 1111?
1
What is the thousands digit of 174225?
4
What is the ten thousands digit of 43773?
4
What is the tens digit of 8751?
5
What is the thousands digit of 75944?
5
What is the tens digit of 868?
6
What is the thousands digit of 67718?
7
What is the hundreds digit of 9141?
1
What is the thousands digit of 44469?
4
What is the thousands digit of 10306?
0
What is the hundreds digit of 3886?
8
What is the hundreds digit of 507?
5
What is the tens digit of 26636?
3
What is the thousands digit of 36713?
6
What is the units digit of 32338?
8
What is the thousands digit of 31532?
1
What is the hundreds digit of 88502?
5
What is the thousands digit of 1363?
1
What is the units digit of 594?
4
What is the thousands digit of 137929?
7
What is the tens digit of 2817?
1
What is the ten thousands digit of 44009?
4
What is the tens digit of 10020?
2
What is the hundreds digit of 20995?
9
What is the hundreds digit of 383?
3
What is the tens digit of 40195?
9
What is the hundreds digit of 827?
8
What is the tens digit of 921?
2
What is the ten thousands digit of 54651?
5
What is the hundreds digit of 128427?
4
What is the hundreds digit of 4878?
8
What is the thousands digit of 13791?
3
What is the tens digit of 595?
9
What is the tens digit of 99198?
9
What is the tens digit of 43558?
5
What is the tens digit of 21714?
1
What is the thousands digit of 2990?
2
What is the hundreds digit of 48831?
8
What is the tens digit of 36129?
2
What is the hundreds digit of 829?
8
What is the ten thousands digit of 66007?
6
What is the units digit of 364?
4
What is the hundreds digit of 30925?
9
What is the ten thousands digit of 39695?
3
What is the units digit of 154?
4
What is the hundreds digit of 3085?
0
What is the tens digit of 715?
1
What is the hundreds digit of 89491?
4
What is the hundreds digit of 5873?
8
What is the thousands digit of 108197?
8
What is the units digit of 1597?
7
What is the units digit of 157?
7
What is the units digit of 565?
5
What is the ten thousands digit of 42817?
4
What is the tens digit of 397?
9
What is the units digit of 10126?
6
What is the tens digit of 16708?
0
What is the thousands digit of 2434?
2
What is the thousands digit of 29819?
9
What is the hundreds digit of 37420?
4
What is the units digit of 544?
4
What is the hundreds digit of 237?
2
What is the units digit of 861?
1
What is the thousands digit of 8571?
8
What is the units digit of 4836?
6
What is the hundreds digit of 34083?
0
What is the thousands digit of 1374?
1
What is the units digit of 40491?
1
What is the hundreds digit of 1201?
2
What is the units digit of 6547?
7
What is the thousands digit of 1851?
1
What is the hundreds digit of 485?
4
What is the tens digit of 36093?
9
What is the units digit of 17676?
6
What is the hundreds digit of 42328?
3
What is the ten thousands digit of 98492?
9
What is the units digit of 47601?
1
What is the thousands digit of 8169?
8
What is the units digit of 35482?
2
What is the tens digit of 96?
9
What is the hundreds digit of 73797?
7
What is the units digit of 88968?
8
What is the units digit of 40?
0
What is the hundreds digit of 84267?
2
What is the tens digit of 36201?
0
What is the units digit of 281?
1
What is the hundreds digit of 3143?
1
What is the thousands digit of 1114?
1
What is the tens digit of 3678?
7
What is the tens digit of 3588?
8
What is the ten thousands digit of 42103?
4
What is the tens digit of 4312?
1
What is the thousands digit of 24939?
4
What is the hundreds digit of 1361?
3
What is the tens digit of 10243?
4
What is the tens digit of 80133?
3
What is the hundreds digit of 527?
5
What is the hundreds digit of 3476?
4
What is the hundreds digit of 6286?
2
What is the units digit of 26176?
6
What is the units digit of 7936?
6
What is the tens digit of 29157?
5
What is the tens digit of 782?
8
What is the tens digit of 1366?
6
What is the tens digit of 12?
1
What is the tens digit of 57?
5
What is the tens digit of 59795?
9
What is the ten thousands digit of 22861?
2
What is the tens digit of 53403?
0
What is the tens digit of 37?
3
What is the tens digit of 19524?
2
What is the hundreds digit of 37547?
5
What is the thousands digit of 11165?
1
What is the tens digit of 2187?
8
What is the tens digit of 4386?
8
What is the units digit of 22328?
8
What is the thousands digit of 39834?
9
What is the tens digit of 29651?
5
What is the ten thousands digit of 33022?
3
What is the hundreds digit of 1570?
5
What is the ten thousands digit of 11493?
1
What is the units digit of 334?
4
What is the units digit of 1758?
8
What is the ten thousands digit of 19679?
1
What is the units digit of 87213?
3
What is the thousands digit of 12615?
2
What is the hundreds digit of 31054?
0
What is the hundreds digit of 3090?
0
What is the tens digit of 262?
6
What is the thousands digit of 21462?
1
What is the tens digit of 47?
4
What is the tens digit of 4897?
9
What is the hundreds digit of 48373?
3
What is the ten thousands digit of 48602?
4
What is the units digit of 361?
1
What is the tens digit of 10096?
9
What is the hundreds digit of 847?
8
What is the units digit of 9092?
2
What is the hundreds digit of 2439?
4
What is the units digit of 55463?
3
What is the tens digit of 2659?
5
What is the units digit of 7478?
8
What is the tens digit of 1653?
5
What is the tens digit of 5091?
9
What is the thousands digit of 20419?
0
What is the tens digit of 16726?
2
What is the thousands digit of 4445?
4
What is the units digit of 5099?
9
What is the thousands digit of 1540?
1
What is the hundreds digit of 5401?
4
What is the units digit of 1335?
5
What is the units digit of 173?
3
What is the ten thousands digit of 12678?
1
What is the units digit of 547?
7
What is the tens digit of 8967?
6
What is the units digit of 1162?
2
What is the thousands digit of 5500?
5
What is the thousands digit of 110756?
0
What is the units digit of 352?
2
What is the tens digit of 293?
9
What is the thousands digit of 32461?
2
What is the units digit of 231?
1
What is the units digit of 115325?
5
What is the tens digit of 491?
9
What is the hundreds digit of 9838?
8
What is the tens digit of 6826?
2
What is the units digit of 72459?
9
